9?
23
Calculate the highest common divisor of 7 and 13837999.
7
What is the highest common factor of 45469176 and 591?
591
What is the greatest common factor of 9762 and 201?
3
What is the highest common divisor of 1105536 and 16896?
384
What is the highest common divisor of 133 and 916387689?
133
What is the highest common factor of 1631 and 775607?
7
What is the greatest common divisor of 8767 and 6282751?
797
Calculate the greatest common divisor of 2768 and 23888.
16
Calculate the highest common divisor of 15887168 and 16.
16
Calculate the greatest common factor of 3282 and 655306.
1094
What is the highest common divisor of 300 and 10082550?
150
Calculate the greatest common factor of 18226348 and 241.
241
What is the highest common factor of 68724 and 10363662?
414
What is the greatest common factor of 24 and 1125624?
24
Calculate the greatest common divisor of 309 and 8785797.
309
What is the greatest common divisor of 6030 and 679590?
90
Calculate the greatest common factor of 78480222 and 9.
3
What is the highest common divisor of 13488916 and 4172?
28
What is the greatest common factor of 3650 and 622982?
146
Calculate the greatest common factor of 179 and 12556492.
179
Calculate the highest common divisor of 202242 and 34188.
222
What is the highest common divisor of 83168 and 2447936?
736
Calculate the highest common factor of 38522544 and 289.
289
What is the highest common divisor of 79968 and 38309670?
4998
What is the highest common factor of 1640241 and 33852?
93
What is the greatest common factor of 19219044 and 2340?
156
What is the greatest common factor of 17189847 and 121581?
2133
Calculate the highest common divisor of 11375 and 12037025.
2275
What is the greatest common factor of 345 and 30054905?
115
What is the greatest common divisor of 135 and 1061601525?
135
What is the greatest common factor of 46851328 and 256?
256
What is the highest common factor of 42000496 and 1712?
1712
Calculate the greatest common factor of 542368 and 5508.
68
What is the greatest common divisor of 9864 and 1572552?
72
What is the greatest common factor of 22420 and 113044?
236
Calculate the greatest common divisor of 44413656 and 38556.
1428
What is the highest common divisor of 24021 and 227161259?
2669
Calculate the greatest common factor of 275621 and 22661.
527
What is the greatest common factor of 27959861 and 341?
31
What is the greatest common factor of 460 and 5889508?
4
Calculate the highest common factor of 192692 and 37252.
268
Calculate the highest common factor of 5134905 and 1590.
795
What is the highest common divisor of 1164 and 20295012?
12
What is the highest common divisor of 572562 and 7506?
54
What is the highest common factor of 2622 and 8865856?
874
What is the greatest common divisor of 466712 and 837176?
1816
What is the highest common factor of 49621717 and 158?
79
What is the highest common factor of 1533 and 1269870?
21
What is the highest common divisor of 11628169 and 43929?
1627
What is the greatest common factor of 2459 and 251302423?
2459
Calculate the highest common divisor of 170221785 and 1770.
885
Calculate the greatest common divisor of 245306 and 30.
2
Calculate the highest common factor of 1270510 and 14.
2
Calculate the highest common divisor of 3118318758 and 18.
18
What is the highest common divisor of 11111 and 105124?
41
What is the greatest common factor of 277256 and 41384?
56
What is the highest common factor of 10049851 and 1268?
317
What is the greatest common factor of 296 and 2549633?
37
Calculate the greatest common divisor of 5137 and 27049.
11
Calculate the greatest common factor of 425 and 310235.
5
Calculate the highest common factor of 52672 and 79831.
823
What is the highest common factor of 705348 and 226408?
8708
What is the highest common factor of 273 and 24730914?
39
Calculate the highest common factor of 12342 and 189231658.
4114
What is the greatest common divisor of 22005050 and 10?
10
Calculate the highest common divisor of 18176 and 192928.
32
Calculate the greatest common divisor of 1028483490 and 5.
5
What is the greatest common divisor of 306 and 911271366?
306
Calculate the greatest common factor of 76208 and 135366.
22
What is the highest common divisor of 28345 and 3475?
5
Calculate the greatest common divisor of 61446 and 4313078.
1078
What is the greatest common divisor of 742 and 6181602?
742
What is the highest common divisor of 2991 and 36383521?
997
What is the greatest common factor of 5960115 and 1306450?
4505
What is the highest common factor of 107 and 78753391?
107
What is the highest common factor of 463694 and 2758?
14
What is the highest common divisor of 8040 and 352956?
804
Calculate the highest common divisor of 7194 and 12168.
6
What is the greatest common factor of 61492029 and 1461?
1461
What is the highest common factor of 320070 and 18495960?
6810
Calculate the highest common divisor of 8619 and 200405010.
663
Calculate the highest common factor of 234696 and 47719056.
1848
What is the greatest common factor of 6325 and 61938250?
275
Calculate the greatest common factor of 1668899 and 3052.
109
Calculate the highest common divisor of 111488 and 533923.
871
Calculate the greatest common divisor of 10730 and 200738.
58
Calculate the highest common factor of 1028 and 83471544.
1028
What is the greatest common divisor of 9 and 23353296?
3
What is the highest common factor of 52759 and 3024?
7
What is the greatest common factor of 469995 and 1755?
15
Calculate the greatest common divisor of 6579 and 886023.
153
What is the greatest common factor of 6192 and 15183171?
387
What is the greatest common factor of 29907566 and 26?
26
Calculate the highest common divisor of 1285 and 25392628.
257
What is the greatest common divisor of 78 and 626401152?
78
Calculate the highest common factor of 9663 and 24096301.
3221
Calculate the highest common divisor of 15 and 438929965.
5
Calculate the greatest common divisor of 24 and 116568708.
12
What is the highest common divisor of 25616 and 2807808184?
12808
Calculate the greatest common divisor of 7785 and 528370545.
2595
What is the greatest common factor of 3110 and 183400?
10
What is the highest common divisor of 7 and 708999319?
7
Calculate the highest common divisor of 2801060 and 180.
20
What is the highest common factor of 5427 and 561393?
603
What is the greatest common divisor of 126445000 and 138424?
10648
Calculate the greatest common factor of 32 and 5415968.
32
Calculate the highest common divisor of 792224608 and 931.
133
What is the greatest common divisor of 828 and 4484034?
414
Calculate the highest common divisor of 45492561 and 13311.
4437
Calculate the highest common divisor of 1758396 and 11483532.
6348
What is the greatest common factor of 21528 and 307044296?
2392
What is the highest common divisor of 105 and 3252340?
35
Calculate the greatest common factor of 28737144 and 360.
72
What is the highest common factor of 49249196 and 2215?
443
What is the greatest common divisor of 4112904 and 49489?
409
Calculate the highest common divisor of 85 and 22296639.
17
Calculate the greatest common factor of 282361 and 42149.
373
What is the highest common factor of 105 and 21453495?
105
What is the highest common factor of 165039 and 27405?
609
What is the greatest common factor of 10181024 and 86674?
2114
Calculate the highest common factor of 4805912 and 24616.
1448
Calculate the greatest common divisor of 6831 and 19744626.
759
What is the highest common divisor of 4073367 and 999?
111
What is the highest common divisor of 289655 and 513?
19
What is the greatest common divisor of 7532 and 6586356?
28
Calculate the greatest common factor of 44040906 and 7098.
546
What is the highest common factor of 336 and 80008432?
112
Calculate the greatest common divisor of 24231347 and 12579.
4193
Calculate the highest common factor of 75743525 and 3575.
3575
Calculate the highest common factor of 48006007 and 707.
707
Calculate the greatest common divisor of 4032 and 51100.
28
Calculate the greatest common divisor of 5 and 11425815.
5
What is the greatest common divisor of 3 and 4354038?
3
What is the highest common factor of 302 and 389119903?
151
What is the highest common divisor of 4080210 and 1329